*l + 5. Let t be z(6). Let m(k) be the first derivative of -k**4/4 + 2*k**3 - 5*k**2/2 + 4. Determine m(t).
0
Let l(i) = -i - 9. Let b be (-8)/(-2) + 4/2. Let s(p) = -p - 8. Let o(w) = b*l(w) - 7*s(w). Suppose -2 + 6 = n. What is o(n)?
6
Let r(o) = 4*o - o**3 + 40*o**2 - 3 - 13*o - 51*o**2. Determine r(-10).
-13
Suppose -3 = -k + 1. Suppose -4*y = -y - 4*c - 56, 4*y + k*c = 84. Suppose 3*x - y = -x. Let u(q) = q - 4. Calculate u(x).
1
Let b(d) be the second derivative of d**5/20 + d**4/4 - d**3/6 - d. Let i(z) = -2*z. Let h be i(8). Let c be h/(-12) + (-16)/3. What is b(c)?
-12
Let g(b) = 3*b**3 + 6*b**2 - 5*b - 9. Let d(x) = -x**3 - 3*x**2 + 2*x + 4. Let l(p) = 5*d(p) + 2*g(p). Give l(2).
-2
Let o(s) = s**3 - 2*s**2 + 2*s - 3. Suppose -2*j - 12 = 4*d, 0*d = 4*d + 16. Give o(j).
1
Let g(k) = -21*k**3 - 7*k**2 + 9*k + 2. Let v(y) = -11*y**3 - 4*y**2 + 5*y + 1. Let l(x) = -4*g(x) + 7*v(x). Determine l(-1).
-7
Suppose 3*t + 12 = -2*u, 0 = -t + 5*t - u + 16. Let s(n) = -n**3 - 2*n**2 + 5*n - 3. Determine s(t).
9
Suppose -51*r = -50*r + 3. Let g(w) = -w**3 - 3*w**2 - 3*w - 2. What is g(r)?
7
Let i(g) = -3*g + 0*g + 2*g - g**2. Let u = 1 - 1. Let y be i(u). Let z(r) = r**3 - 3. Calculate z(y).
-3
Let n be (-4 + 2)/((-2)/4). Let p(t) = 7*t**3 - 6*t**2 - 10*t + 1. Let z(o) = 11*o**3 - 9*o**2 - 15*o + 2. Let u(b) = -8*p(b) + 5*z(b). Determine u(n).
6
Let y(s) be the second derivative of s**5/20 - s**4/3 - s**3/2 - 5*s**2/2 + s. Let z be ((-75)/5)/(6/(-4)). Suppose -z = -q - q. Calculate y(q).
5
Let k(m) = m**2 + 3*m + 4. Let s be k(-5). Suppose 3*g + s = 5*c - 3*c, 2*c + g + 2 = 0. Let q(b) = 25*b**2 + 3*b**3 - 1 + 2*b - 25*b**2. Determine q(c).
4
Let z(p) = 6*p**3. Let x be z(1). Let t(j) be the third derivative of j**6/120 - j**5/10 - j**4/24 + 7*j**3/6 + 2*j**2 + 8. Determine t(x).
1
Let y(m) = m + 1 + 2*m - 5*m**2 - 3*m. What is y(1)?
-4
Let z(g) = 2*g - 6. Suppose 0 = -k - 3*w + 8, 2*k + 2*k + 4*w = 16. Let i be 0 - ((-2)/k - 4). Calculate z(i).
4
Let f(d) = -5*d**3 + 3*d**2 - 4*d - 5. Suppose a + 4 = 2*t - 0, 5*a - 40 = -2*t. Let s(l) = -6*l**3 + 3*l**2 - 5*l - 6. Let x(q) = a*s(q) - 7*f(q). Give x(-3).
5
Let j = 20 - 14. Let r be (6/(-18))/((-2)/30). Suppose j*n = r*n. Let t(a) = -a**2 - a - 7. Determine t(n).
-7
Let q = 11 + -8. Let z(a) = -1 + 5*a - q*a**2 - 4 + 2*a**2 + a. Let b(l) = -l**2 - l + 5. Let n be b(0). Determine z(n).
0
Let a(k) be the third derivative of -k**5/60 - k**4/6 + k**3/2 - 7*k**2. Determine a(-4).
3
Let y(n) = n**2 + 9*n + 6. Let m be y(-8). Let a be 7/(-14) - (-1)/m. Let x(f) = 5*f**2. Give x(a).
5
Let g(i) = -9*i**3 - 3*i - i**3 + 7*i + 8*i**3 + 3 - i**2. Let u(b) = 2*b - 16. Let p be u(7). What is g(p)?
7
Suppose 19 = -5*v + 4. Let h(x) = -x + 2. Let z(q) = -q + 2*q - 17 + q + 16. Let u(s) = v*h(s) - 2*z(s). Calculate u(0).
-4
Suppose -4*g = -3*g. Let d(k) be the first derivative of -1/3*k**3 - 3*k + 2 + g*k**2. What is d(0)?
-3
Let h(w) be the third derivative of 1/60*w**5 + 1/4*w**4 + 1/2*w**3 + 0 - w**2 + 0*w. What is h(-3)?
-6
Let n(k) = -k**2 + 7*k - 4. Let m be n(6). Suppose 2*i = -12 + m. Let y(f) = -5*f - 4. Let a(b) = 3*b + 3. Let c(q) = -8*a(q) - 5*y(q). Calculate c(i).
-9
Let j = 2 - 1. Let m(y) = y**2 - y. Determine m(j).
0
Let b be (0 - -2) + 2/1. Suppose 4*z + 6 = 2*r + b, 2*z = -2. Let q(w) be the first derivative of w**4/4 + 2*w**3/3 - w + 5. What is q(r)?
0
Suppose 39 - 7 = -16*s. Let r(z) = -6*z - 1. Determine r(s).
11
Let b(n) = -n**3 + 6*n**2 - 6*n - 1. Suppose 3*q - 73 + 10 = 0. Suppose 5*a = -m + q, a - 4*a = 5*m + 5. Determine b(a).
-6
Let y be 0*3/(-12)*-4. Let o(b) = -b**3 - b - 13. Calculate o(y).
-13
Suppose 28*g - 31*g - 9 = 0. Let h(i) = i**3 + i**2 - 3*i + 2. Determine h(g).
-7
Let o(y) = -7*y + 1. Let p(d) = 20*d - 3. Let c(j) = -11*o(j) - 4*p(j). Suppose 2*g = 8*g - 12. Let b(m) = 6*m - 2. Let s(u) = g*b(u) + 5*c(u). What is s(3)?
-8
Let i(z) be the third derivative of -z**5/60 - 7*z**4/24 - z**3/2 + z**2. Suppose -7*o + 10 = -9*o, -5*o - 1 = -4*a. Calculate i(a).
3
Suppose -4*w = -2*m - 2*m + 24, m + 3*w = -6. Suppose -m*j + 2 = -1. Let c(g) = -3*g**3 - g**2. Give c(j).
-4
Let v(a) = -a - 1. Suppose 0*p = -p + t, 0 = 4*p - t - 15. Let u be ((-2)/4)/(p/(-20)). Let f be (4/(-10))/(u/30). Give v(f).
5
Let t(x) = -269*x + 262*x + 10 - x**2 + 0. Give t(-7).
10
Let m(i) = -2*i - 59. Let b be m(-27). Let q(u) = u + 9. Give q(b).
4
Let b = 11 - 8. Let i(r) = -r**2 + r + r**2 - 10*r**b + 0*r**2. Calculate i(-1).
9
Let s = -9 + 5. Let k(g) = g**2 + 3*g - 2. What is k(s)?
2
Suppose -2*i + 3*i - 7 = 0. Suppose -3*d = 1 - i. Let x(j) = j**2 - 4*j + 3. Determine x(d).
-1
Let f(b) = b**3 + 5*b**2 - 3*b - 1. Let c be f(-5). Let h = c - 19. Let a(m) = m**3 + 6*m**2 + 6*m + 7. Give a(h).
2
Let u(o) = 3*o - 4. Let p be u(3). Suppose 5*i = p*b - 40, 13 = 5*b - i - 11. Let g(k) be the first derivative of k**2/2 - 1. Determine g(b).
4
Let v(n) = -8*n - 5. Suppose -2*o - 13 = -5*t, 0*t + t - 35 = -5*o. Let s(p) = -4*p - 3. Let c(d) = o*v(d) - 11*s(d). Calculate c(2).
-5
Let b be (-88)/55*10/(-4). Suppose -b*z + 30 = z. Let p(l) = -l**2 + 5*l + 3. Determine p(z).
-3
Let r(p) = p**2 - 12*p + 15. Let q be r(11). Suppose -4*s = q*m + 8, -3*s + 4*m = -1 - 0. Let j(f) = -6*f**2 + f + 1. Calculate j(s).
-6
Let j be (-6)/(-5) - 2/10. Let c(f) = -13*f**2 + f. What is c(j)?
-12
Let o(t) = t. Suppose 14*h - 7*h - 21 = 0. Give o(h).
3
Suppose -k - 13 = -4*f, -k + 2*f = -3*k - 36. Let t = 18 + k. Let j(x) = x**2. Determine j(t).
1
Suppose -4*r = 2*o - 7*o - 14, -o = -2. Let a = 1 - -1. Let j(i) = -6 - a*i - i + 4*i. Determine j(r).
0
Let g(a) = -7*a**2 - 3*a + 1. Let h be ((-15)/6)/(3/6). Let o(q) = -q**2. Let i(z) = h*o(z) + g(z). Give i(-3).
-8
Let j(f) = -f**2 - f - 2. Let g be j(0). Let w(r) = 0*r + 3 - 2*r + 4*r. Determine w(g).
-1
Let h(m) = -m**3 - 7*m**2 - 6*m + 8. Suppose 0 = 6*l - 4*l - 16. Let d(i) = -2*i + 10. Let b be d(l). Determine h(b).
8
Let b(s) be the second derivative of s**3/3 + 9*s**2/2 + 3*s. Let a be b(-7). Let i(f) = -f - 1. What is i(a)?
4
Let d(m) be the second derivative of m**4/12 + 3*m**3/2 - 5*m. Give d(-7).
-14
Let n(l) = 3*l**2 - 5*l**2 + 3 + 4*l**2. Let t(j) = -3*j**2 - 5. Let y(d) = 8*n(d) + 5*t(d). Give y(-1).
0
Let b(c) = 5*c**3 + 2*c. Let u(t) = -2*t**3 - t. Let r(j) = -4*b(j) - 7*u(j). Give r(-1).
7
Let s(g) = 6*g + 3. Suppose -5 = -7*c + 2*c + 5*x, -5*c - x - 25 = 0. Give s(c).
-21
Let c = 65/2 + -32. Let u(b) be the first derivative of 2 + 4*b + b**3 + c*b**2 - 1/4*b**4. What is u(4)?
-8
Let a(g) = -g**2 + g - 2. Let c(x) = x**2 - 8*x + 4. Let l be c(7). Determine a(l).
-14
Let s be (2 + (-16)/5)*-5. Let i = s - 1. Let g(d) = -d - 3. Give g(i).
-8
Let r(v) be the second derivative of -v**3/6 + 3*v**2/2 + 17*v. Determine r(6).
-3
Let n(a) = 12*a. Let c = 43 - 45. Calculate n(c).
-24
Let z(v) = v**2 + 5*v - 6. Suppose 0 = -5*l + l - 24. Calculate z(l).
0
Suppose 5*z + 28 = 3. Let h(s) = -2*s - 5. Determine h(z).
5
Suppose -2*r - 19 = -t, -4*r - 4*t + t - 23 = 0. Let h be r/(-28) - (-38)/14. Let s(q) = -4*q**3 + 8*q**2 - 5*q - 3*q**2 - 2 + h*q**3. Give s(4).
-6
Let c(j) = -j - 12. Let y(g) = -g - 18. Let x(p) = -7*c(p) + 5*y(p). What is x(6)?
6
Let x(t) be the second derivative of -5*t**4/12 + 5*t**3/6 + 7*t**2/2 - 2*t. Let l(n) = 3*n**2 - 2*n - 3. Let j(m) = -7*l(m) - 4*x(m). Calculate j(-5).
-2
Let k(z) = z**2 - 7 + 13*z + z**2 - z**2 - 6*z. Calculate k(-9).
11
Let h(y) = -y**3 - 2*y**2 + y + 1. Let c be h(-3). Let i(k) = -k + 13. Let w(u) = -2*u + 26. Let v(a) = -7*i(a) + 4*w(a). What is v(c)?
6
Let z be (11 + -5)*(-2)/(-4). Suppose -20 = -z*f - 3*s + 4, -5 = -s. Let i(v) = -3*v**2 + 0*v + v**f + 1 + v - 2*v**2. Calculate i(5).
6
Let a(s) = -s**2 - 6*s. Let o(n) = n**2 + 6*n + 1. Let k(y) = 6*a(y) + 5*o(y). What is k(-4)?
13
Let n(t) = -6*t**3 + 2*t**2 - 1. Let l(a) be the second derivative of a**4/12 - 4*a**3/3 + a**2/2 - 2*a. Let z be l(8). Give n(z).
-5
Let r(o) = -2*o**2 + 5*o - 3. Let v(d) = d**2 + 8*d + 6. Let g be v(-6). Let j be 6/5*(-1 - g). Suppose 3*p = -j, 3*i = -5*p - 1 - 0. Determine r(i).
-6
Let n be -1*3*(-10)/6. Let u(j) = -4*j - 5. Let a(l) = 7*l + 10. Let f(r) = n*u(r) + 3*a(r). Determine f(-5).
0
Let n(q) = q**2 + q - 4. Let a be n(2). Let l(x) = x**2 - x 